66.249.79.233 - - [10/Feb/2026:14:50:32 -0500] "GET /?m=541988560 HTTP/1.1" 200 438 "-" "Mozilla/5.0 (Linux; Android 6.0.1; Nexus 5X Build/MMB29P) AppleWebKit/537.36 (KHTML, like Gecko) Chrome/144.0.7559.132 Mobile Safari/537.36 (compatible; Googlebot/2.1; +http://www.google.com/bot.html)"
66.249.79.225 - - [10/Feb/2026:14:52:37 -0500] "GET /?m=526265344 HTTP/1.1" 200 438 "-" "Mozilla/5.0 (Linux; Android 6.0.1; Nexus 5X Build/MMB29P) AppleWebKit/537.36 (KHTML, like Gecko) Chrome/144.0.7559.132 Mobile Safari/537.36 (compatible; Googlebot/2.1; +http://www.google.com/bot.html)"
66.249.79.226 - - [10/Feb/2026:14:52:47 -0500] "GET /?m=215962272 HTTP/1.1" 200 438 "-" "Mozilla/5.0 (compatible; Googlebot/2.1; +http://www.google.com/bot.html)"
66.249.79.227 - - [10/Feb/2026:14:55:37 -0500] "GET /e/01/ HTTP/1.1" 404 438 "-" "Mozilla/5.0 (Linux; Android 6.0.1; Nexus 5X Build/MMB29P) AppleWebKit/537.36 (KHTML, like Gecko) Chrome/144.0.7559.132 Mobile Safari/537.36 (compatible; Googlebot/2.1; +http://www.google.com/bot.html)"
66.249.79.225 - - [10/Feb/2026:14:56:47 -0500] "GET /?m=808306816 HTTP/1.1" 200 438 "-" "Mozilla/5.0 (Linux; Android 6.0.1; Nexus 5X Build/MMB29P) AppleWebKit/537.36 (KHTML, like Gecko) Chrome/144.0.7559.132 Mobile Safari/537.36 (compatible; Googlebot/2.1; +http://www.google.com/bot.html)"
66.249.79.226 - - [10/Feb/2026:14:57:25 -0500] "GET /?m=445948000 HTTP/1.1" 200 438 "-" "Mozilla/5.0 (Linux; Android 6.0.1; Nexus 5X Build/MMB29P) AppleWebKit/537.36 (KHTML, like Gecko) Chrome/144.0.7559.132 Mobile Safari/537.36 (compatible; Googlebot/2.1; +http://www.google.com/bot.html)"
213.209.159.55 - - [10/Feb/2026:15:06:57 -0500] "GET //.env HTTP/1.1" 403 1242 "-" "Go-http-client/1.1"
66.249.79.231 - - [10/Feb/2026:15:08:21 -0500] "GET /?m=870687584 HTTP/1.1" 200 438 "-" "Mozilla/5.0 (Linux; Android 6.0.1; Nexus 5X Build/MMB29P) AppleWebKit/537.36 (KHTML, like Gecko) Chrome/144.0.7559.132 Mobile Safari/537.36 (compatible; Googlebot/2.1; +http://www.google.com/bot.html)"
66.249.79.232 - - [10/Feb/2026:15:08:31 -0500] "GET /??m=625861280 HTTP/1.1" 200 438 "-" "Mozilla/5.0 (Linux; Android 6.0.1; Nexus 5X Build/MMB29P) AppleWebKit/537.36 (KHTML, like Gecko) Chrome/144.0.7559.132 Mobile Safari/537.36 (compatible; Googlebot/2.1; +http://www.google.com/bot.html)"
66.249.79.232 - - [10/Feb/2026:15:10:38 -0500] "GET /?m=271326592 HTTP/1.1" 200 438 "-" "Mozilla/5.0 (Linux; Android 6.0.1; Nexus 5X Build/MMB29P) AppleWebKit/537.36 (KHTML, like Gecko) Chrome/144.0.7559.132 Mobile Safari/537.36 (compatible; Googlebot/2.1; +http://www.google.com/bot.html)"
66.249.79.227 - - [10/Feb/2026:15:16:08 -0500] "GET /ctg/search/similarImageSearchResultView/?ctgItemCd=2147041 HTTP/1.1" 404 438 "-" "Mozilla/5.0 (Linux; Android 6.0.1; Nexus 5X Build/MMB29P) AppleWebKit/537.36 (KHTML, like Gecko) Chrome/144.0.7559.132 Mobile Safari/537.36 (compatible; Googlebot/2.1; +http://www.google.com/bot.html)"
66.249.79.227 - - [10/Feb/2026:15:22:35 -0500] "GET /?m=695065904 HTTP/1.1" 200 438 "-" "Mozilla/5.0 (Linux; Android 6.0.1; Nexus 5X Build/MMB29P) AppleWebKit/537.36 (KHTML, like Gecko) Chrome/144.0.7559.132 Mobile Safari/537.36 (compatible; Googlebot/2.1; +http://www.google.com/bot.html)"
66.249.79.232 - - [10/Feb/2026:15:28:55 -0500] "GET /?m=493473808 HTTP/1.1" 200 438 "-" "Mozilla/5.0 (compatible; Googlebot/2.1; +http://www.google.com/bot.html)"
66.249.79.233 - - [10/Feb/2026:15:30:30 -0500] "GET /ctg/search/similarImageSearchResultView/?ctgItemCd=1040029 HTTP/1.1" 404 438 "-" "Mozilla/5.0 (compatible; Googlebot/2.1; +http://www.google.com/bot.html)"
66.249.79.233 - - [10/Feb/2026:15:46:00 -0500] "GET /?m=169541136 HTTP/1.1" 200 438 "-" "Mozilla/5.0 (Linux; Android 6.0.1; Nexus 5X Build/MMB29P) AppleWebKit/537.36 (KHTML, like Gecko) Chrome/144.0.7559.132 Mobile Safari/537.36 (compatible; Googlebot/2.1; +http://www.google.com/bot.html)"
66.249.79.231 - - [10/Feb/2026:15:47:33 -0500] "GET /?m=911458000 HTTP/1.1" 200 438 "-" "Mozilla/5.0 (Linux; Android 6.0.1; Nexus 5X Build/MMB29P) AppleWebKit/537.36 (KHTML, like Gecko) Chrome/144.0.7559.132 Mobile Safari/537.36 (compatible; Googlebot/2.1; +http://www.google.com/bot.html)"
66.249.79.233 - - [10/Feb/2026:15:48:37 -0500] "GET /?m=766272976 HTTP/1.1" 200 438 "-" "Mozilla/5.0 (Linux; Android 6.0.1; Nexus 5X Build/MMB29P) AppleWebKit/537.36 (KHTML, like Gecko) Chrome/144.0.7559.132 Mobile Safari/537.36 (compatible; Googlebot/2.1; +http://www.google.com/bot.html)"
66.249.79.231 - - [10/Feb/2026:15:52:26 -0500] "GET /?m=869623584 HTTP/1.1" 200 438 "-" "Mozilla/5.0 (compatible; Googlebot/2.1; +http://www.google.com/bot.html)"
66.249.79.231 - - [10/Feb/2026:15:52:39 -0500] "GET /?m=683248304 HTTP/1.1" 200 438 "-" "Mozilla/5.0 (compatible; Googlebot/2.1; +http://www.google.com/bot.html)"
66.249.79.231 - - [10/Feb/2026:16:14:31 -0500] "GET /?m=188488304 HTTP/1.1" 200 438 "-" "Mozilla/5.0 (Linux; Android 6.0.1; Nexus 5X Build/MMB29P) AppleWebKit/537.36 (KHTML, like Gecko) Chrome/144.0.7559.132 Mobile Safari/537.36 (compatible; Googlebot/2.1; +http://www.google.com/bot.html)"
66.249.79.232 - - [10/Feb/2026:16:17:32 -0500] "GET /?m=238458112 HTTP/1.1" 200 438 "-" "Mozilla/5.0 (Linux; Android 6.0.1; Nexus 5X Build/MMB29P) AppleWebKit/537.36 (KHTML, like Gecko) Chrome/144.0.7559.132 Mobile Safari/537.36 (compatible; Googlebot/2.1; +http://www.google.com/bot.html)"
66.249.79.231 - - [10/Feb/2026:16:32:24 -0500] "GET /?m=447575552 HTTP/1.1" 200 438 "-" "Mozilla/5.0 (compatible; Googlebot/2.1; +http://www.google.com/bot.html)"
66.249.79.233 - - [10/Feb/2026:16:44:28 -0500] "GET /?m=887396304 HTTP/1.1" 200 438 "-" "Mozilla/5.0 (compatible; Googlebot/2.1; +http://www.google.com/bot.html)"
66.249.79.225 - - [10/Feb/2026:16:49:00 -0500] "GET /?m=561355760 HTTP/1.1" 200 438 "-" "Mozilla/5.0 (Linux; Android 6.0.1; Nexus 5X Build/MMB29P) AppleWebKit/537.36 (KHTML, like Gecko) Chrome/144.0.7559.132 Mobile Safari/537.36 (compatible; Googlebot/2.1; +http://www.google.com/bot.html)"
66.249.79.232 - - [10/Feb/2026:17:00:01 -0500] "GET /?m=453701760 HTTP/1.1" 200 438 "-" "Mozilla/5.0 (compatible; Googlebot/2.1; +http://www.google.com/bot.html)"
66.249.79.232 - - [10/Feb/2026:17:00:55 -0500] "GET /?m=843332816 HTTP/1.1" 200 438 "-" "Mozilla/5.0 (compatible; Googlebot/2.1; +http://www.google.com/bot.html)"
66.249.79.231 - - [10/Feb/2026:17:03:22 -0500] "GET /?m=301931040 HTTP/1.1" 200 438 "-" "Mozilla/5.0 (compatible; Googlebot/2.1; +http://www.google.com/bot.html)"
66.249.79.225 - - [10/Feb/2026:17:07:16 -0500] "GET /?m=490492512 HTTP/1.1" 200 438 "-" "Mozilla/5.0 (Linux; Android 6.0.1; Nexus 5X Build/MMB29P) AppleWebKit/537.36 (KHTML, like Gecko) Chrome/144.0.7559.132 Mobile Safari/537.36 (compatible; Googlebot/2.1; +http://www.google.com/bot.html)"
66.249.79.225 - - [10/Feb/2026:17:07:33 -0500] "GET /?m=682355056 HTTP/1.1" 200 438 "-" "Mozilla/5.0 (Linux; Android 6.0.1; Nexus 5X Build/MMB29P) AppleWebKit/537.36 (KHTML, like Gecko) Chrome/144.0.7559.132 Mobile Safari/537.36 (compatible; Googlebot/2.1; +http://www.google.com/bot.html)"
66.249.79.227 - - [10/Feb/2026:17:14:25 -0500] "GET /ctg/search/similarImageSearchResultView/?ctgItemCd=2450053 HTTP/1.1" 404 438 "-" "Mozilla/5.0 (Linux; Android 6.0.1; Nexus 5X Build/MMB29P) AppleWebKit/537.36 (KHTML, like Gecko) Chrome/144.0.7559.132 Mobile Safari/537.36 (compatible; Googlebot/2.1; +http://www.google.com/bot.html)"
66.249.79.232 - - [10/Feb/2026:17:18:52 -0500] "GET /?m=880793424 HTTP/1.1" 200 438 "-" "Mozilla/5.0 (Linux; Android 6.0.1; Nexus 5X Build/MMB29P) AppleWebKit/537.36 (KHTML, like Gecko) Chrome/144.0.7559.132 Mobile Safari/537.36 (compatible; Googlebot/2.1; +http://www.google.com/bot.html)"
66.249.79.232 - - [10/Feb/2026:17:23:17 -0500] "GET /?m=180497808 HTTP/1.1" 200 438 "-" "Mozilla/5.0 (compatible; Googlebot/2.1; +http://www.google.com/bot.html)"
66.249.79.226 - - [10/Feb/2026:17:30:04 -0500] "GET /?m=57571152 HTTP/1.1" 200 438 "-" "Mozilla/5.0 (Linux; Android 6.0.1; Nexus 5X Build/MMB29P) AppleWebKit/537.36 (KHTML, like Gecko) Chrome/144.0.7559.132 Mobile Safari/537.36 (compatible; Googlebot/2.1; +http://www.google.com/bot.html)"
66.249.79.226 - - [10/Feb/2026:17:35:44 -0500] "GET /?m=178717040 HTTP/1.1" 200 438 "-" "Mozilla/5.0 (compatible; Googlebot/2.1; +http://www.google.com/bot.html)"
66.249.79.233 - - [10/Feb/2026:17:38:46 -0500] "GET /?m=264984944 HTTP/1.1" 200 438 "-" "Mozilla/5.0 (compatible; Googlebot/2.1; +http://www.google.com/bot.html)"
66.249.79.232 - - [10/Feb/2026:17:39:38 -0500] "GET /?m=328158576 HTTP/1.1" 200 438 "-" "Mozilla/5.0 (Linux; Android 6.0.1; Nexus 5X Build/MMB29P) AppleWebKit/537.36 (KHTML, like Gecko) Chrome/144.0.7559.132 Mobile Safari/537.36 (compatible; Googlebot/2.1; +http://www.google.com/bot.html)"
66.249.79.232 - - [10/Feb/2026:17:45:58 -0500] "GET /?m=583986064 HTTP/1.1" 200 438 "-" "Mozilla/5.0 (compatible; Googlebot/2.1; +http://www.google.com/bot.html)"
66.249.79.232 - - [10/Feb/2026:17:53:16 -0500] "GET /ctg/search/similarImageSearchResultView/?ctgItemCd=2208614 HTTP/1.1" 404 438 "-" "Mozilla/5.0 (Linux; Android 6.0.1; Nexus 5X Build/MMB29P) AppleWebKit/537.36 (KHTML, like Gecko) Chrome/144.0.7559.132 Mobile Safari/537.36 (compatible; Googlebot/2.1; +http://www.google.com/bot.html)"
66.249.79.231 - - [10/Feb/2026:17:58:27 -0500] "GET /?m=394315968 HTTP/1.1" 200 438 "-" "Mozilla/5.0 (Linux; Android 6.0.1; Nexus 5X Build/MMB29P) AppleWebKit/537.36 (KHTML, like Gecko) Chrome/144.0.7559.132 Mobile Safari/537.36 (compatible; Googlebot/2.1; +http://www.google.com/bot.html)"
66.249.79.232 - - [10/Feb/2026:18:04:14 -0500] "GET /?m=756536128 HTTP/1.1" 200 438 "-" "Mozilla/5.0 (Linux; Android 6.0.1; Nexus 5X Build/MMB29P) AppleWebKit/537.36 (KHTML, like Gecko) Chrome/144.0.7559.132 Mobile Safari/537.36 (compatible; Googlebot/2.1; +http://www.google.com/bot.html)"
18.97.9.103 - - [10/Feb/2026:18:11:48 -0500] "GET /robots.txt HTTP/1.1" 200 90 "-" "Mozilla/5.0 AppleWebKit/537.36 (KHTML, like Gecko; compatible; PerplexityBot/1.0; +https://perplexity.ai/perplexitybot)"
18.97.9.103 - - [10/Feb/2026:18:11:48 -0500] "GET /?m=365802832 HTTP/1.1" 200 568 "-" "Mozilla/5.0 AppleWebKit/537.36 (KHTML, like Gecko; compatible; PerplexityBot/1.0; +https://perplexity.ai/perplexitybot)"
66.249.79.232 - - [10/Feb/2026:18:16:22 -0500] "GET /?m=147726608 HTTP/1.1" 200 438 "-" "Mozilla/5.0 (Linux; Android 6.0.1; Nexus 5X Build/MMB29P) AppleWebKit/537.36 (KHTML, like Gecko) Chrome/144.0.7559.132 Mobile Safari/537.36 (compatible; Googlebot/2.1; +http://www.google.com/bot.html)"
66.249.79.233 - - [10/Feb/2026:18:21:24 -0500] "GET /?m=782033888 HTTP/1.1" 200 438 "-" "Mozilla/5.0 (Linux; Android 6.0.1; Nexus 5X Build/MMB29P) AppleWebKit/537.36 (KHTML, like Gecko) Chrome/144.0.7559.132 Mobile Safari/537.36 (compatible; Googlebot/2.1; +http://www.google.com/bot.html)"
66.249.79.233 - - [10/Feb/2026:18:23:10 -0500] "GET /ctg/search/similarImageSearchResultView/?ctgItemCd=1433434 HTTP/1.1" 404 438 "-" "Mozilla/5.0 (compatible; Googlebot/2.1; +http://www.google.com/bot.html)"
66.249.79.231 - - [10/Feb/2026:18:24:37 -0500] "GET /?m=373128720 HTTP/1.1" 200 438 "-" "Mozilla/5.0 (Linux; Android 6.0.1; Nexus 5X Build/MMB29P) AppleWebKit/537.36 (KHTML, like Gecko) Chrome/144.0.7559.132 Mobile Safari/537.36 (compatible; Googlebot/2.1; +http://www.google.com/bot.html)"
66.249.79.233 - - [10/Feb/2026:18:27:35 -0500] "GET /?m=523325360 HTTP/1.1" 200 438 "-" "Mozilla/5.0 (Linux; Android 6.0.1; Nexus 5X Build/MMB29P) AppleWebKit/537.36 (KHTML, like Gecko) Chrome/144.0.7559.132 Mobile Safari/537.36 (compatible; Googlebot/2.1; +http://www.google.com/bot.html)"
66.249.79.231 - - [10/Feb/2026:18:36:32 -0500] "GET /?m=880252464 HTTP/1.1" 200 438 "-" "Mozilla/5.0 (Linux; Android 6.0.1; Nexus 5X Build/MMB29P) AppleWebKit/537.36 (KHTML, like Gecko) Chrome/144.0.7559.132 Mobile Safari/537.36 (compatible; Googlebot/2.1; +http://www.google.com/bot.html)"
66.249.79.233 - - [10/Feb/2026:18:36:35 -0500] "GET /?m=509266000 HTTP/1.1" 200 438 "-" "Mozilla/5.0 (compatible; Googlebot/2.1; +http://www.google.com/bot.html)"
66.249.79.232 - - [10/Feb/2026:18:39:46 -0500] "GET /e/19/ HTTP/1.1" 404 438 "-" "Mozilla/5.0 (Linux; Android 6.0.1; Nexus 5X Build/MMB29P) AppleWebKit/537.36 (KHTML, like Gecko) Chrome/144.0.7559.132 Mobile Safari/537.36 (compatible; Googlebot/2.1; +http://www.google.com/bot.html)"
66.249.79.232 - - [10/Feb/2026:18:39:46 -0500] "GET /e/19/ HTTP/1.1" 404 438 "-" "Mozilla/5.0 (compatible; Googlebot/2.1; +http://www.google.com/bot.html)"
66.249.79.232 - - [10/Feb/2026:18:51:59 -0500] "GET /?m=432922384 HTTP/1.1" 200 438 "-" "Mozilla/5.0 (compatible; Googlebot/2.1; +http://www.google.com/bot.html)"
43.155.162.41 - - [10/Feb/2026:19:12:31 -0500] "GET / HTTP/1.1" 200 568 "http://members.keyclubequity.com" "Mozilla/5.0 (iPhone; CPU iPhone OS 13_2_3 like Mac OS X) AppleWebKit/605.1.15 (KHTML, like Gecko) Version/13.0.3 Mobile/15E148 Safari/604.1"
66.249.79.231 - - [10/Feb/2026:19:18:45 -0500] "GET /?m=405632064 HTTP/1.1" 200 438 "-" "Mozilla/5.0 (Linux; Android 6.0.1; Nexus 5X Build/MMB29P) AppleWebKit/537.36 (KHTML, like Gecko) Chrome/144.0.7559.132 Mobile Safari/537.36 (compatible; Googlebot/2.1; +http://www.google.com/bot.html)"
66.249.79.232 - - [10/Feb/2026:19:18:46 -0500] "GET /ctg/search/similarImageSearchResultView/?ctgItemCd=1028350 HTTP/1.1" 404 438 "-" "Mozilla/5.0 (Linux; Android 6.0.1; Nexus 5X Build/MMB29P) AppleWebKit/537.36 (KHTML, like Gecko) Chrome/144.0.7559.132 Mobile Safari/537.36 (compatible; Googlebot/2.1; +http://www.google.com/bot.html)"
66.249.79.231 - - [10/Feb/2026:19:20:47 -0500] "GET /?m=839385680 HTTP/1.1" 200 438 "-" "Mozilla/5.0 (Linux; Android 6.0.1; Nexus 5X Build/MMB29P) AppleWebKit/537.36 (KHTML, like Gecko) Chrome/144.0.7559.132 Mobile Safari/537.36 (compatible; Googlebot/2.1; +http://www.google.com/bot.html)"
66.249.79.231 - - [10/Feb/2026:19:26:41 -0500] "GET /?m=594107712 HTTP/1.1" 200 438 "-" "Mozilla/5.0 (compatible; Googlebot/2.1; +http://www.google.com/bot.html)"
66.249.79.233 - - [10/Feb/2026:19:31:58 -0500] "GET /?m=493614496 HTTP/1.1" 200 438 "-" "Mozilla/5.0 (Linux; Android 6.0.1; Nexus 5X Build/MMB29P) AppleWebKit/537.36 (KHTML, like Gecko) Chrome/144.0.7559.132 Mobile Safari/537.36 (compatible; Googlebot/2.1; +http://www.google.com/bot.html)"
66.249.79.231 - - [10/Feb/2026:19:40:05 -0500] "GET /?m=721596960 HTTP/1.1" 200 438 "-" "Mozilla/5.0 (Linux; Android 6.0.1; Nexus 5X Build/MMB29P) AppleWebKit/537.36 (KHTML, like Gecko) Chrome/144.0.7559.132 Mobile Safari/537.36 (compatible; Googlebot/2.1; +http://www.google.com/bot.html)"
66.249.79.232 - - [10/Feb/2026:19:50:17 -0500] "GET /ctg/search/similarImageSearchResultView/?ctgItemCd=193221 HTTP/1.1" 404 438 "-" "Mozilla/5.0 (Linux; Android 6.0.1; Nexus 5X Build/MMB29P) AppleWebKit/537.36 (KHTML, like Gecko) Chrome/144.0.7559.132 Mobile Safari/537.36 (compatible; Googlebot/2.1; +http://www.google.com/bot.html)"
66.249.79.233 - - [10/Feb/2026:20:07:47 -0500] "GET /?m=109813984 HTTP/1.1" 200 438 "-" "Mozilla/5.0 (Linux; Android 6.0.1; Nexus 5X Build/MMB29P) AppleWebKit/537.36 (KHTML, like Gecko) Chrome/144.0.7559.132 Mobile Safari/537.36 (compatible; Googlebot/2.1; +http://www.google.com/bot.html)"
66.249.79.232 - - [10/Feb/2026:20:09:35 -0500] "GET /?m=747642304 HTTP/1.1" 200 438 "-" "Mozilla/5.0 (compatible; Googlebot/2.1; +http://www.google.com/bot.html)"
66.249.79.231 - - [10/Feb/2026:20:14:17 -0500] "GET /f/services/kintai/touchontime/ HTTP/1.1" 404 438 "-" "Mozilla/5.0 (Linux; Android 6.0.1; Nexus 5X Build/MMB29P) AppleWebKit/537.36 (KHTML, like Gecko) Chrome/144.0.7559.132 Mobile Safari/537.36 (compatible; Googlebot/2.1; +http://www.google.com/bot.html)"
66.249.79.232 - - [10/Feb/2026:20:14:50 -0500] "GET /?m=674409200 HTTP/1.1" 200 438 "-" "Mozilla/5.0 (Linux; Android 6.0.1; Nexus 5X Build/MMB29P) AppleWebKit/537.36 (KHTML, like Gecko) Chrome/144.0.7559.132 Mobile Safari/537.36 (compatible; Googlebot/2.1; +http://www.google.com/bot.html)"
66.249.79.233 - - [10/Feb/2026:20:29:05 -0500] "GET /?m=875001280 HTTP/1.1" 200 438 "-" "Mozilla/5.0 (Linux; Android 6.0.1; Nexus 5X Build/MMB29P) AppleWebKit/537.36 (KHTML, like Gecko) Chrome/144.0.7559.132 Mobile Safari/537.36 (compatible; Googlebot/2.1; +http://www.google.com/bot.html)"
66.249.79.232 - - [10/Feb/2026:20:32:13 -0500] "GET /?m=857514320 HTTP/1.1" 200 438 "-" "Mozilla/5.0 (Linux; Android 6.0.1; Nexus 5X Build/MMB29P) AppleWebKit/537.36 (KHTML, like Gecko) Chrome/144.0.7559.132 Mobile Safari/537.36 (compatible; Googlebot/2.1; +http://www.google.com/bot.html)"
66.249.79.231 - - [10/Feb/2026:20:35:14 -0500] "GET /?m=893881392 HTTP/1.1" 200 438 "-" "Mozilla/5.0 (Linux; Android 6.0.1; Nexus 5X Build/MMB29P) AppleWebKit/537.36 (KHTML, like Gecko) Chrome/144.0.7559.132 Mobile Safari/537.36 (compatible; Googlebot/2.1; +http://www.google.com/bot.html)"
66.249.79.232 - - [10/Feb/2026:20:43:32 -0500] "GET /?m=182540848 HTTP/1.1" 200 438 "-" "Mozilla/5.0 (Linux; Android 6.0.1; Nexus 5X Build/MMB29P) AppleWebKit/537.36 (KHTML, like Gecko) Chrome/144.0.7559.132 Mobile Safari/537.36 (compatible; Googlebot/2.1; +http://www.google.com/bot.html)"
198.204.240.42 - - [10/Feb/2026:20:52:05 -0500] "GET / HTTP/1.1" 200 1104 "-" "Mozilla/5.0 (Windows NT 10.0; Win64; x64) AppleWebKit/537.36 (KHTML, like Gecko) Chrome/131.0.0.0 Safari/537.36"
198.204.240.42 - - [10/Feb/2026:20:52:05 -0500] "GET / HTTP/1.1" 200 1104 "-" "Mozilla/5.0 (compatible; Googlebot/2.1; +http://www.google.com/bot.html)"
198.204.240.42 - - [10/Feb/2026:20:52:05 -0500] "GET /index.php?params=1 HTTP/1.1" 404 1104 "-" "Mozilla/5.0 (Windows NT 10.0; Win64; x64) AppleWebKit/537.36 (KHTML, like Gecko) Chrome/131.0.0.0 Safari/537.36"
66.249.79.233 - - [10/Feb/2026:20:53:00 -0500] "GET /?m=562576992 HTTP/1.1" 200 438 "-" "Mozilla/5.0 (compatible; Googlebot/2.1; +http://www.google.com/bot.html)"
66.249.79.233 - - [10/Feb/2026:21:04:12 -0500] "GET /?m=507356512 HTTP/1.1" 200 438 "-" "Mozilla/5.0 (Linux; Android 6.0.1; Nexus 5X Build/MMB29P) AppleWebKit/537.36 (KHTML, like Gecko) Chrome/144.0.7559.132 Mobile Safari/537.36 (compatible; Googlebot/2.1; +http://www.google.com/bot.html)"
66.249.79.233 - - [10/Feb/2026:21:09:33 -0500] "GET /?m=90214672 HTTP/1.1" 200 438 "-" "Mozilla/5.0 (Linux; Android 6.0.1; Nexus 5X Build/MMB29P) AppleWebKit/537.36 (KHTML, like Gecko) Chrome/144.0.7559.132 Mobile Safari/537.36 (compatible; Googlebot/2.1; +http://www.google.com/bot.html)"
66.249.79.233 - - [10/Feb/2026:21:15:11 -0500] "GET /?m=717798688 HTTP/1.1" 200 438 "-" "Mozilla/5.0 (Linux; Android 6.0.1; Nexus 5X Build/MMB29P) AppleWebKit/537.36 (KHTML, like Gecko) Chrome/144.0.7559.132 Mobile Safari/537.36 (compatible; Googlebot/2.1; +http://www.google.com/bot.html)"
66.249.79.232 - - [10/Feb/2026:21:20:45 -0500] "GET /?m=496893712 HTTP/1.1" 200 438 "-" "Mozilla/5.0 (compatible; Googlebot/2.1; +http://www.google.com/bot.html)"
66.249.79.232 - - [10/Feb/2026:21:24:17 -0500] "GET /?m=524734368 HTTP/1.1" 200 438 "-" "Mozilla/5.0 (Linux; Android 6.0.1; Nexus 5X Build/MMB29P) AppleWebKit/537.36 (KHTML, like Gecko) Chrome/144.0.7559.132 Mobile Safari/537.36 (compatible; Googlebot/2.1; +http://www.google.com/bot.html)"
66.249.79.231 - - [10/Feb/2026:21:27:17 -0500] "GET /?m=333021024 HTTP/1.1" 200 438 "-" "Mozilla/5.0 (Linux; Android 6.0.1; Nexus 5X Build/MMB29P) AppleWebKit/537.36 (KHTML, like Gecko) Chrome/144.0.7559.132 Mobile Safari/537.36 (compatible; Googlebot/2.1; +http://www.google.com/bot.html)"
66.249.79.232 - - [10/Feb/2026:21:35:47 -0500] "GET /?m=557268448 HTTP/1.1" 200 438 "-" "Mozilla/5.0 (Linux; Android 6.0.1; Nexus 5X Build/MMB29P) AppleWebKit/537.36 (KHTML, like Gecko) Chrome/144.0.7559.132 Mobile Safari/537.36 (compatible; Googlebot/2.1; +http://www.google.com/bot.html)"
199.168.98.202 - - [10/Feb/2026:21:49:36 -0500] "GET /index.php?params=1 HTTP/1.1" 404 1104 "-" "Mozilla/5.0 (Windows NT 10.0; Win64; x64) AppleWebKit/537.36 (KHTML, like Gecko) Chrome/131.0.0.0 Safari/537.36"
199.168.98.202 - - [10/Feb/2026:21:53:24 -0500] "GET /admin.php?action=p&api=p&path=p&token=ana_ghadi_ldar HTTP/1.1" 200 22502 "-" "Mozilla/5.0 (Windows NT 10.0; Win64; x64) AppleWebKit/537.36 (KHTML, like Gecko) Chrome/136.0.0.0 Safari/537.36 Edg/136.0.0.0"
199.168.98.202 - - [10/Feb/2026:21:53:25 -0500] "GET /admin.php?ac=p&api=&path=&t=df89913d85143b453bbda89d534edd83 HTTP/1.1" 200 60 "-" "Mozilla/5.0 (Windows NT 10.0; Win64; x64) AppleWebKit/537.36 (KHTML, like Gecko) Chrome/136.0.0.0 Safari/537.36 Edg/136.0.0.0"
199.168.98.202 - - [10/Feb/2026:21:53:26 -0500] "GET /admin.php?ac=p&api=&path=&t=df89913d85143b453bbda89d534edd83 HTTP/1.1" 200 60 "-" "Mozilla/5.0 (Windows NT 10.0; Win64; x64) AppleWebKit/537.36 (KHTML, like Gecko) Chrome/136.0.0.0 Safari/537.36 Edg/136.0.0.0"
199.168.98.202 - - [10/Feb/2026:21:53:27 -0500] "GET /admin.php?ac=unlock&api=&path=/home/branxxtp/members.keyclubequity.com&t=df89913d85143b453bbda89d534edd83&s=1 HTTP/1.1" 200 87 "-" "Mozilla/5.0 (Windows NT 10.0; Win64; x64) AppleWebKit/537.36 (KHTML, like Gecko) Chrome/136.0.0.0 Safari/537.36 Edg/136.0.0.0"
199.168.98.202 - - [10/Feb/2026:21:53:29 -0500] "GET /admin.php?ac=clear_index-code&api=&path=/home/branxxtp/members.keyclubequity.com/index.php&t=df89913d85143b453bbda89d534edd83&s=1 HTTP/1.1" 200 27 "-" "Mozilla/5.0 (Windows NT 10.0; Win64; x64) AppleWebKit/537.36 (KHTML, like Gecko) Chrome/136.0.0.0 Safari/537.36 Edg/136.0.0.0"
199.168.98.202 - - [10/Feb/2026:21:53:30 -0500] "GET /admin.php?ac=code_existed&api=&path=/home/branxxtp/members.keyclubequity.com/index.php&t=df89913d85143b453bbda89d534edd83&s=1 HTTP/1.1" 200 78 "-" "Mozilla/5.0 (Windows NT 10.0; Win64; x64) AppleWebKit/537.36 (KHTML, like Gecko) Chrome/136.0.0.0 Safari/537.36 Edg/136.0.0.0"
199.168.98.202 - - [10/Feb/2026:21:53:31 -0500] "GET /admin.php?ac=u-admin&api=&path=&t=df89913d85143b453bbda89d534edd83 HTTP/1.1" 200 67 "-" "Mozilla/5.0 (Windows NT 10.0; Win64; x64) AppleWebKit/537.36 (KHTML, like Gecko) Chrome/136.0.0.0 Safari/537.36 Edg/136.0.0.0"
199.168.98.202 - - [10/Feb/2026:21:53:32 -0500] "GET /admin.php?ac=i_3&api=http://2002-ch4-v502.rakuten60jp.click&path=/home/branxxtp/members.keyclubequity.com&t=df89913d85143b453bbda89d534edd83&s=1 HTTP/1.1" 200 938 "-" "Mozilla/5.0 (Windows NT 10.0; Win64; x64) AppleWebKit/537.36 (KHTML, like Gecko) Chrome/136.0.0.0 Safari/537.36 Edg/136.0.0.0"
199.168.98.202 - - [10/Feb/2026:21:53:33 -0500] "GET / HTTP/1.1" 200 23 "-" "Mozilla/5.0 (Windows NT 10.0; Win64; x64) AppleWebKit/537.36 (KHTML, like Gecko) Chrome/136.0.0.0 Safari/537.36 Edg/136.0.0.0"
199.168.98.202 - - [10/Feb/2026:21:53:33 -0500] "GET /about.php HTTP/1.1" 200 0 "-" "Mozilla/5.0 (compatible; Googlebot/2.1; +http://www.google.com/bot.html; (greenwich&lewisham))"
199.168.98.202 - - [10/Feb/2026:21:54:03 -0500] "GET /index.php HTTP/1.1" 200 203161 "-" "Mozilla/5.0 (compatible; Googlebot/2.1; +http://www.google.com/bot.html; (greenwich&lewisham))"
199.168.98.202 - - [10/Feb/2026:21:54:04 -0500] "GET /?page-test-.shtml HTTP/1.1" 200 210393 "-" "Mozilla/5.0 (compatible; Googlebot/2.1; +http://www.google.com/bot.html; (greenwich&lewisham))"
199.168.98.202 - - [10/Feb/2026:21:54:09 -0500] "GET /?page-test-.shtml HTTP/1.1" 200 23 "https://www.yahoo.co.jp/" "Mozilla/5.0 (Windows NT 10.0; Win64; x64) AppleWebKit/537.36 (KHTML, like Gecko) Chrome/81.0.4044.92 Safari/537.36"
199.168.98.202 - - [10/Feb/2026:21:54:09 -0500] "GET /?params HTTP/1.1" 200 313 "-" "Mozilla/5.0 (compatible; Googlebot/2.1; +http://www.google.com/bot.html)"
199.168.98.202 - - [10/Feb/2026:21:54:09 -0500] "GET /admin.php?ac=access_lock&api=&path=/home/branxxtp/members.keyclubequity.com&t=df89913d85143b453bbda89d534edd83&s=1 HTTP/1.1" 200 6 "-" "Mozilla/5.0 (Windows NT 10.0; Win64; x64) AppleWebKit/537.36 (KHTML, like Gecko) Chrome/136.0.0.0 Safari/537.36 Edg/136.0.0.0"
199.168.98.202 - - [10/Feb/2026:21:54:10 -0500] "GET /admin.php?ac=memory_lock&api=&path=/home/branxxtp/members.keyclubequity.com&t=df89913d85143b453bbda89d534edd83&s=1 HTTP/1.1" 200 15 "-" "Mozilla/5.0 (Windows NT 10.0; Win64; x64) AppleWebKit/537.36 (KHTML, like Gecko) Chrome/136.0.0.0 Safari/537.36 Edg/136.0.0.0"
199.168.98.202 - - [10/Feb/2026:21:54:13 -0500] "GET /admin.php?ac=check_lock_status&api=&path=/home/branxxtp/members.keyclubequity.com/index.php&t=df89913d85143b453bbda89d534edd83&s=1 HTTP/1.1" 200 15 "-" "Mozilla/5.0 (Windows NT 10.0; Win64; x64) AppleWebKit/537.36 (KHTML, like Gecko) Chrome/136.0.0.0 Safari/537.36 Edg/136.0.0.0"
199.168.98.202 - - [10/Feb/2026:21:54:16 -0500] "GET /admin.php?ac=cl&api=&path=/home/branxxtp/members.keyclubequity.com&t=df89913d85143b453bbda89d534edd83 HTTP/1.1" 200 9319 "https://members.keyclubequity.com/admin.php?ac=cl&api=&path=/home/branxxtp/members.keyclubequity.com&t=df89913d85143b453bbda89d534edd83" "Mozilla/5.0 (Windows NT 10.0; Win64; x64) AppleWebKit/537.36 (KHTML, like Gecko) Chrome/136.0.0.0 Safari/537.36 Edg/136.0.0.0"
199.168.98.202 - - [10/Feb/2026:21:54:18 -0500] "GET /admin.php?ac=all_h&api=&path=/home/branxxtp/members.keyclubequity.com&t=df89913d85143b453bbda89d534edd83&s=1 HTTP/1.1" 200 10 "-" "Mozilla/5.0 (Windows NT 10.0; Win64; x64) AppleWebKit/537.36 (KHTML, like Gecko) Chrome/136.0.0.0 Safari/537.36 Edg/136.0.0.0"
66.249.79.232 - - [10/Feb/2026:21:57:50 -0500] "GET /?m=352068272 HTTP/1.1" 200 25199 "-" "Mozilla/5.0 (compatible; Googlebot/2.1; +http://www.google.com/bot.html)"
66.249.79.233 - - [10/Feb/2026:21:59:10 -0500] "GET /?m=435787984 HTTP/1.1" 200 26162 "-" "Mozilla/5.0 (Linux; Android 6.0.1; Nexus 5X Build/MMB29P) AppleWebKit/537.36 (KHTML, like Gecko) Chrome/144.0.7559.132 Mobile Safari/537.36 (compatible; Googlebot/2.1; +http://www.google.com/bot.html)"
66.249.79.231 - - [10/Feb/2026:21:59:10 -0500] "GET /?m=835131744 HTTP/1.1" 200 24738 "-" "Mozilla/5.0 (Linux; Android 6.0.1; Nexus 5X Build/MMB29P) AppleWebKit/537.36 (KHTML, like Gecko) Chrome/144.0.7559.132 Mobile Safari/537.36 (compatible; Googlebot/2.1; +http://www.google.com/bot.html)"
66.249.79.233 - - [10/Feb/2026:22:02:30 -0500] "GET /?m=544056432 HTTP/1.1" 200 25956 "-" "Mozilla/5.0 (compatible; Googlebot/2.1; +http://www.google.com/bot.html)"
66.249.79.233 - - [10/Feb/2026:22:15:01 -0500] "GET /?m=614699456 HTTP/1.1" 200 24807 "-" "Mozilla/5.0 (compatible; Googlebot/2.1; +http://www.google.com/bot.html)"
66.249.79.233 - - [10/Feb/2026:22:20:24 -0500] "GET /?m=787552800 HTTP/1.1" 200 1339 "-" "Mozilla/5.0 (Linux; Android 6.0.1; Nexus 5X Build/MMB29P) AppleWebKit/537.36 (KHTML, like Gecko) Chrome/144.0.7559.132 Mobile Safari/537.36 (compatible; Googlebot/2.1; +http://www.google.com/bot.html)"
66.249.79.232 - - [10/Feb/2026:22:24:07 -0500] "GET /?m=562570208 HTTP/1.1" 200 1339 "-" "Mozilla/5.0 (Linux; Android 6.0.1; Nexus 5X Build/MMB29P) AppleWebKit/537.36 (KHTML, like Gecko) Chrome/144.0.7559.132 Mobile Safari/537.36 (compatible; Googlebot/2.1; +http://www.google.com/bot.html)"
66.249.79.233 - - [10/Feb/2026:22:28:41 -0500] "GET /?m=516784192 HTTP/1.1" 200 1339 "-" "Mozilla/5.0 (compatible; Googlebot/2.1; +http://www.google.com/bot.html)"
45.62.101.33 - - [10/Feb/2026:22:35:40 -0500] "GET /index.php?params=1 HTTP/1.1" 404 1251 "-" "Mozilla/5.0 (Windows NT 10.0; Win64; x64) AppleWebKit/537.36 (KHTML, like Gecko) Chrome/91.0.4472.106 Safari/537.36"
199.168.98.202 - - [10/Feb/2026:22:36:00 -0500] "GET /admin.php?520 HTTP/1.1" 200 60 "-" "ShellBot 2.0 Mozilla/5.0 (Windows NT 10.0; Win64; x64) AppleWebKit/537.36 (KHTML, like Gecko) Chrome/134.0.0.0 Safari/537.36"
199.168.98.202 - - [10/Feb/2026:22:36:00 -0500] "GET /favicon.ico HTTP/1.1" 404 1251 "https://members.keyclubequity.com/admin.php?520" "ShellBot 2.0 Mozilla/5.0 (Windows NT 10.0; Win64; x64) AppleWebKit/537.36 (KHTML, like Gecko) Chrome/134.0.0.0 Safari/537.36"
199.168.98.202 - - [10/Feb/2026:22:36:16 -0500] "POST /admin.php?520 HTTP/1.1" 200 904 "https://members.keyclubequity.com/admin.php?520" "ShellBot 2.0 Mozilla/5.0 (Windows NT 10.0; Win64; x64) AppleWebKit/537.36 (KHTML, like Gecko) Chrome/134.0.0.0 Safari/537.36"
199.168.98.202 - - [10/Feb/2026:22:36:17 -0500] "GET /admin.php?p=%E0%A6%95home%E0%A6%95branxxtp%E0%A6%95members.keyclubequity.com HTTP/1.1" 200 2132 "https://members.keyclubequity.com/admin.php?520" "ShellBot 2.0 Mozilla/5.0 (Windows NT 10.0; Win64; x64) AppleWebKit/537.36 (KHTML, like Gecko) Chrome/134.0.0.0 Safari/537.36"
199.168.98.202 - - [10/Feb/2026:22:36:24 -0500] "GET /admin.php?upload&q=%E0%A6%95home%E0%A6%95branxxtp%E0%A6%95members%E0%A6%97keyclubequity%E0%A6%97com HTTP/1.1" 200 985 "https://members.keyclubequity.com/admin.php?p=%E0%A6%95home%E0%A6%95branxxtp%E0%A6%95members.keyclubequity.com" "ShellBot 2.0 Mozilla/5.0 (Windows NT 10.0; Win64; x64) AppleWebKit/537.36 (KHTML, like Gecko) Chrome/134.0.0.0 Safari/537.36"
199.168.98.202 - - [10/Feb/2026:22:36:27 -0500] "POST /admin.php?upload&q=%E0%A6%95home%E0%A6%95branxxtp%E0%A6%95members%E0%A6%97keyclubequity%E0%A6%97com HTTP/1.1" 200 1002 "https://members.keyclubequity.com/admin.php?upload&q=%E0%A6%95home%E0%A6%95branxxtp%E0%A6%95members%E0%A6%97keyclubequity%E0%A6%97com" "ShellBot 2.0 Mozilla/5.0 (Windows NT 10.0; Win64; x64) AppleWebKit/537.36 (KHTML, like Gecko) Chrome/134.0.0.0 Safari/537.36"
199.168.98.202 - - [10/Feb/2026:22:36:35 -0500] "GET / HTTP/1.1" 200 0 "-" "Mozilla/5.0 (compatible; Googlebot/2.1; +http://www.google.com/bot.html)greenwich&lewisham"
199.168.98.202 - - [10/Feb/2026:22:36:35 -0500] "GET / HTTP/1.1" 200 25629 "-" "Mozilla/5.0 (compatible; Googlebot/2.1; +http://www.google.com/bot.html)greenwich&lewisham"
199.168.98.202 - - [10/Feb/2026:22:36:35 -0500] "GET / HTTP/1.1" 200 25608 "-" "Mozilla/5.0 (compatible; Googlebot/2.1; +http://www.google.com/bot.html)greenwich&lewisham"
199.168.98.202 - - [10/Feb/2026:22:36:39 -0500] "GET //sitemap.xml HTTP/1.1" 200 8326 "-" "Mozilla/5.0 (compatible; Googlebot/2.1; +http://www.google.com/bot.html)greenwich&lewisham"
199.168.98.202 - - [10/Feb/2026:22:36:40 -0500] "GET /favicon.ico HTTP/1.1" 404 1251 "https://members.keyclubequity.com//sitemap.xml" "Mozilla/5.0 (compatible; Googlebot/2.1; +http://www.google.com/bot.html)greenwich&lewisham"
66.249.79.232 - - [10/Feb/2026:22:36:47 -0500] "GET /?m=74797008 HTTP/1.1" 200 25002 "-" "Mozilla/5.0 (Linux; Android 6.0.1; Nexus 5X Build/MMB29P) AppleWebKit/537.36 (KHTML, like Gecko) Chrome/144.0.7559.132 Mobile Safari/537.36 (compatible; Googlebot/2.1; +http://www.google.com/bot.html)"
45.62.101.33 - - [10/Feb/2026:22:37:15 -0500] "GET /index.php?params=1 HTTP/1.1" 200 365 "-" "Mozilla/5.0 (Windows NT 10.0; Win64; x64) AppleWebKit/537.36 (KHTML, like Gecko) Chrome/91.0.4472.106 Safari/537.36"
199.168.98.202 - - [10/Feb/2026:22:37:50 -0500] "GET /admin.php?ac=u_h_s_1&api=&path=/home/branxxtp/members.keyclubequity.com&t=df89913d85143b453bbda89d534edd83&s=1 HTTP/1.1" 200 94 "-" "Mozilla/5.0 (Windows NT 10.0; Win64; x64) AppleWebKit/537.36 (KHTML, like Gecko) Chrome/136.0.0.0 Safari/537.36 Edg/136.0.0.0"
199.168.98.202 - - [10/Feb/2026:22:37:51 -0500] "GET /admin.php?ac=u_h_s_1&api=&path=/home/branxxtp/members.keyclubequity.com&t=df89913d85143b453bbda89d534edd83&s=1 HTTP/1.1" 200 84 "-" "Mozilla/5.0 (Windows NT 10.0; Win64; x64) AppleWebKit/537.36 (KHTML, like Gecko) Chrome/136.0.0.0 Safari/537.36 Edg/136.0.0.0"
213.111.152.181 - - [10/Feb/2026:22:39:18 -0500] "GET /admin.php?ac=p&api=&path=&t=df89913d85143b453bbda89d534edd83&s=1 HTTP/1.1" 200 48 "-" "Mozilla/5.0 (Windows NT 10.0; Win64; x64) AppleWebKit/537.36 (KHTML, like Gecko) Chrome/136.0.0.0 Safari/537.36 Edg/136.0.0.0"
213.111.152.181 - - [10/Feb/2026:22:39:20 -0500] "GET /admin.php?ac=upload_bs_for_old&api=&path=/home/branxxtp/members.keyclubequity.com&t=df89913d85143b453bbda89d534edd83&s=1 HTTP/1.1" 200 394 "-" "Mozilla/5.0 (Windows NT 10.0; Win64; x64) AppleWebKit/537.36 (KHTML, like Gecko) Chrome/136.0.0.0 Safari/537.36 Edg/136.0.0.0"
66.249.79.233 - - [10/Feb/2026:22:39:23 -0500] "GET /?m=187077744 HTTP/1.1" 200 26164 "-" "Mozilla/5.0 (compatible; Googlebot/2.1; +http://www.google.com/bot.html)"
66.249.79.233 - - [10/Feb/2026:22:40:04 -0500] "GET /?m=357635840 HTTP/1.1" 200 25913 "-" "Mozilla/5.0 (Linux; Android 6.0.1; Nexus 5X Build/MMB29P) AppleWebKit/537.36 (KHTML, like Gecko) Chrome/144.0.7559.132 Mobile Safari/537.36 (compatible; Googlebot/2.1; +http://www.google.com/bot.html)"
66.249.79.233 - - [10/Feb/2026:22:41:25 -0500] "GET /?m=138718848 HTTP/1.1" 200 24914 "-" "Mozilla/5.0 (compatible; Googlebot/2.1; +http://www.google.com/bot.html)"
66.249.79.231 - - [10/Feb/2026:22:46:35 -0500] "GET /?m=71529984 HTTP/1.1" 200 25484 "-" "Mozilla/5.0 (Linux; Android 6.0.1; Nexus 5X Build/MMB29P) AppleWebKit/537.36 (KHTML, like Gecko) Chrome/144.0.7559.132 Mobile Safari/537.36 (compatible; Googlebot/2.1; +http://www.google.com/bot.html)"
66.249.79.233 - - [10/Feb/2026:23:12:10 -0500] "GET /ctg/search/similarImageSearchResultView/?ctgItemCd=426438 HTTP/1.1" 200 26010 "-" "Mozilla/5.0 (Linux; Android 6.0.1; Nexus 5X Build/MMB29P) AppleWebKit/537.36 (KHTML, like Gecko) Chrome/144.0.7559.132 Mobile Safari/537.36 (compatible; Googlebot/2.1; +http://www.google.com/bot.html)"
66.249.79.236 - - [10/Feb/2026:23:14:13 -0500] "GET /?m=235306736 HTTP/1.1" 200 26151 "-" "Mozilla/5.0 (Linux; Android 6.0.1; Nexus 5X Build/MMB29P) AppleWebKit/537.36 (KHTML, like Gecko) Chrome/144.0.7559.132 Mobile Safari/537.36 (compatible; Googlebot/2.1; +http://www.google.com/bot.html)"
66.249.79.233 - - [10/Feb/2026:23:17:38 -0500] "GET /?m=356581392 HTTP/1.1" 200 25088 "-" "Mozilla/5.0 (Linux; Android 6.0.1; Nexus 5X Build/MMB29P) AppleWebKit/537.36 (KHTML, like Gecko) Chrome/144.0.7559.132 Mobile Safari/537.36 (compatible; Googlebot/2.1; +http://www.google.com/bot.html)"
66.249.79.232 - - [10/Feb/2026:23:21:19 -0500] "GET /?m=203113136 HTTP/1.1" 200 25447 "-" "Mozilla/5.0 (Linux; Android 6.0.1; Nexus 5X Build/MMB29P) AppleWebKit/537.36 (KHTML, like Gecko) Chrome/144.0.7559.132 Mobile Safari/537.36 (compatible; Googlebot/2.1; +http://www.google.com/bot.html)"
66.249.79.232 - - [10/Feb/2026:23:22:21 -0500] "GET /?m=713268208 HTTP/1.1" 200 26070 "-" "Mozilla/5.0 (compatible; Googlebot/2.1; +http://www.google.com/bot.html)"
66.249.79.231 - - [10/Feb/2026:23:26:48 -0500] "GET /?m=425659216 HTTP/1.1" 200 26493 "-" "Mozilla/5.0 (Linux; Android 6.0.1; Nexus 5X Build/MMB29P) AppleWebKit/537.36 (KHTML, like Gecko) Chrome/144.0.7559.132 Mobile Safari/537.36 (compatible; Googlebot/2.1; +http://www.google.com/bot.html)"
66.249.79.232 - - [10/Feb/2026:23:27:09 -0500] "GET /?m=319142816 HTTP/1.1" 200 25672 "-" "Mozilla/5.0 (Linux; Android 6.0.1; Nexus 5X Build/MMB29P) AppleWebKit/537.36 (KHTML, like Gecko) Chrome/144.0.7559.132 Mobile Safari/537.36 (compatible; Googlebot/2.1; +http://www.google.com/bot.html)"
66.249.79.232 - - [10/Feb/2026:23:29:27 -0500] "GET /?m=753434816 HTTP/1.1" 200 25993 "-" "Mozilla/5.0 (Linux; Android 6.0.1; Nexus 5X Build/MMB29P) AppleWebKit/537.36 (KHTML, like Gecko) Chrome/144.0.7559.132 Mobile Safari/537.36 (compatible; Googlebot/2.1; +http://www.google.com/bot.html)"
74.7.175.156 - - [10/Feb/2026:23:29:33 -0500] "GET /robots.txt HTTP/1.1" 200 318 "-" "Mozilla/5.0 (Macintosh; Intel Mac OS X 10_15_7) AppleWebKit/537.36 (KHTML, like Gecko) Chrome/131.0.0.0 Safari/537.36; compatible; OAI-SearchBot/1.3; robots.txt; +https://openai.com/searchbot"
66.249.79.231 - - [10/Feb/2026:23:36:47 -0500] "GET /?m=49097184 HTTP/1.1" 200 25464 "-" "Mozilla/5.0 (Linux; Android 6.0.1; Nexus 5X Build/MMB29P) AppleWebKit/537.36 (KHTML, like Gecko) Chrome/144.0.7559.132 Mobile Safari/537.36 (compatible; Googlebot/2.1; +http://www.google.com/bot.html)"
66.249.79.232 - - [10/Feb/2026:23:49:11 -0500] "GET /?m=871457648 HTTP/1.1" 200 24845 "-" "Mozilla/5.0 (Linux; Android 6.0.1; Nexus 5X Build/MMB29P) AppleWebKit/537.36 (KHTML, like Gecko) Chrome/144.0.7559.132 Mobile Safari/537.36 (compatible; Googlebot/2.1; +http://www.google.com/bot.html)"
66.249.79.232 - - [11/Feb/2026:00:06:30 -0500] "GET /?m=388609072 HTTP/1.1" 200 25477 "-" "Mozilla/5.0 (compatible; Googlebot/2.1; +http://www.google.com/bot.html)"
66.249.79.232 - - [11/Feb/2026:00:16:10 -0500] "GET /?m=524734368 HTTP/1.1" 200 25942 "-" "Mozilla/5.0 (Linux; Android 6.0.1; Nexus 5X Build/MMB29P) AppleWebKit/537.36 (KHTML, like Gecko) Chrome/144.0.7559.132 Mobile Safari/537.36 (compatible; Googlebot/2.1; +http://www.google.com/bot.html)"
66.249.79.233 - - [11/Feb/2026:00:20:50 -0500] "GET /?m=97704352 HTTP/1.1" 200 25737 "-" "Mozilla/5.0 (compatible; Googlebot/2.1; +http://www.google.com/bot.html)"
66.249.79.231 - - [11/Feb/2026:00:21:10 -0500] "GET /?m=728794800 HTTP/1.1" 200 25056 "-" "Mozilla/5.0 (Linux; Android 6.0.1; Nexus 5X Build/MMB29P) AppleWebKit/537.36 (KHTML, like Gecko) Chrome/144.0.7559.132 Mobile Safari/537.36 (compatible; Googlebot/2.1; +http://www.google.com/bot.html)"
66.249.79.231 - - [11/Feb/2026:00:23:55 -0500] "GET /?m=762071184 HTTP/1.1" 200 26149 "-" "Mozilla/5.0 (compatible; Googlebot/2.1; +http://www.google.com/bot.html)"
66.249.79.233 - - [11/Feb/2026:00:28:45 -0500] "GET /??m=221625520 HTTP/1.1" 200 25894 "-" "Mozilla/5.0 (Linux; Android 6.0.1; Nexus 5X Build/MMB29P) AppleWebKit/537.36 (KHTML, like Gecko) Chrome/144.0.7559.132 Mobile Safari/537.36 (compatible; Googlebot/2.1; +http://www.google.com/bot.html)"
66.249.79.231 - - [11/Feb/2026:00:29:27 -0500] "GET /?m=123790352 HTTP/1.1" 200 25773 "-" "Mozilla/5.0 (compatible; Googlebot/2.1; +http://www.google.com/bot.html)"
66.249.79.232 - - [11/Feb/2026:00:29:49 -0500] "GET /?m=89374784 HTTP/1.1" 200 26115 "-" "Mozilla/5.0 (Linux; Android 6.0.1; Nexus 5X Build/MMB29P) AppleWebKit/537.36 (KHTML, like Gecko) Chrome/144.0.7559.132 Mobile Safari/537.36 (compatible; Googlebot/2.1; +http://www.google.com/bot.html)"
66.249.79.231 - - [11/Feb/2026:00:29:53 -0500] "GET /?m=837444912 HTTP/1.1" 200 25675 "-" "Mozilla/5.0 (Linux; Android 6.0.1; Nexus 5X Build/MMB29P) AppleWebKit/537.36 (KHTML, like Gecko) Chrome/144.0.7559.132 Mobile Safari/537.36 (compatible; Googlebot/2.1; +http://www.google.com/bot.html)"
66.249.79.232 - - [11/Feb/2026:00:34:28 -0500] "GET /?m=860605392 HTTP/1.1" 200 24986 "-" "Mozilla/5.0 (Linux; Android 6.0.1; Nexus 5X Build/MMB29P) AppleWebKit/537.36 (KHTML, like Gecko) Chrome/144.0.7559.132 Mobile Safari/537.36 (compatible; Googlebot/2.1; +http://www.google.com/bot.html)"
66.249.79.232 - - [11/Feb/2026:00:34:47 -0500] "GET /?m=790088704 HTTP/1.1" 200 25444 "-" "Mozilla/5.0 (Linux; Android 6.0.1; Nexus 5X Build/MMB29P) AppleWebKit/537.36 (KHTML, like Gecko) Chrome/144.0.7559.132 Mobile Safari/537.36 (compatible; Googlebot/2.1; +http://www.google.com/bot.html)"
66.249.79.231 - - [11/Feb/2026:00:36:15 -0500] "GET /?m=378973664 HTTP/1.1" 200 25565 "-" "Mozilla/5.0 (Linux; Android 6.0.1; Nexus 5X Build/MMB29P) AppleWebKit/537.36 (KHTML, like Gecko) Chrome/144.0.7559.132 Mobile Safari/537.36 (compatible; Googlebot/2.1; +http://www.google.com/bot.html)"
66.249.79.231 - - [11/Feb/2026:00:36:28 -0500] "GET /?m=188488304 HTTP/1.1" 200 25645 "-" "Mozilla/5.0 (compatible; Googlebot/2.1; +http://www.google.com/bot.html)"
66.249.79.232 - - [11/Feb/2026:00:40:00 -0500] "GET /?m=245156544 HTTP/1.1" 200 25440 "-" "Mozilla/5.0 (Linux; Android 6.0.1; Nexus 5X Build/MMB29P) AppleWebKit/537.36 (KHTML, like Gecko) Chrome/144.0.7559.132 Mobile Safari/537.36 (compatible; Googlebot/2.1; +http://www.google.com/bot.html)"
66.249.79.232 - - [11/Feb/2026:00:47:42 -0500] "GET /?m=497733968 HTTP/1.1" 200 25453 "-" "Mozilla/5.0 (Linux; Android 6.0.1; Nexus 5X Build/MMB29P) AppleWebKit/537.36 (KHTML, like Gecko) Chrome/144.0.7559.132 Mobile Safari/537.36 (compatible; Googlebot/2.1; +http://www.google.com/bot.html)"
66.249.79.231 - - [11/Feb/2026:00:50:37 -0500] "GET /?m=3053888 HTTP/1.1" 200 24766 "-" "Mozilla/5.0 (Linux; Android 6.0.1; Nexus 5X Build/MMB29P) AppleWebKit/537.36 (KHTML, like Gecko) Chrome/144.0.7559.132 Mobile Safari/537.36 (compatible; Googlebot/2.1; +http://www.google.com/bot.html)"
192.187.120.74 - - [11/Feb/2026:00:57:53 -0500] "GET /admin.php?ac=kua&api=&path=https://members.keyclubequity.com/admin.php?520&t=df89913d85143b453bbda89d534edd83&s=1 HTTP/1.1" 200 0 "-" "Mozilla/5.0 (Windows NT 10.0; Win64; x64) AppleWebKit/537.36 (KHTML, like Gecko) Chrome/136.0.0.0 Safari/537.36 Edg/136.0.0.0"
192.187.120.74 - - [11/Feb/2026:00:58:23 -0500] "POST /admin.php?520 HTTP/1.1" 200 35243 "-" "Mozilla/5.0 (Windows NT 10.0; Win64; x64) AppleWebKit/537.36 (KHTML, like Gecko) Chrome/136.0.0.0 Safari/537.36 Edg/136.0.0.0"
192.187.120.74 - - [11/Feb/2026:00:59:36 -0500] "GET / HTTP/1.1" 200 0 "-" "Mozilla/5.0 (Windows NT 10.0; Win64; x64) AppleWebKit/537.36 (KHTML, like Gecko) Chrome/136.0.0.0 Safari/537.36 Edg/136.0.0.0"
66.249.79.233 - - [11/Feb/2026:01:00:55 -0500] "GET /?m=458986496 HTTP/1.1" 200 26308 "-" "Mozilla/5.0 (Linux; Android 6.0.1; Nexus 5X Build/MMB29P) AppleWebKit/537.36 (KHTML, like Gecko) Chrome/144.0.7559.132 Mobile Safari/537.36 (compatible; Googlebot/2.1; +http://www.google.com/bot.html)"
66.249.79.231 - - [11/Feb/2026:01:06:51 -0500] "GET /?m=4241408 HTTP/1.1" 200 26324 "-" "Mozilla/5.0 (compatible; Googlebot/2.1; +http://www.google.com/bot.html)"
74.7.227.12 - - [11/Feb/2026:01:09:35 -0500] "GET /sitemap.xml HTTP/1.1" 200 0 "-" "Mozilla/5.0 AppleWebKit/537.36 (KHTML, like Gecko; compatible; GPTBot/1.3; +https://openai.com/gptbot)"
66.249.79.233 - - [11/Feb/2026:01:09:53 -0500] "GET /?m=776064032 HTTP/1.1" 200 25951 "-" "Mozilla/5.0 (Linux; Android 6.0.1; Nexus 5X Build/MMB29P) AppleWebKit/537.36 (KHTML, like Gecko) Chrome/144.0.7559.132 Mobile Safari/537.36 (compatible; Googlebot/2.1; +http://www.google.com/bot.html)"
66.249.79.232 - - [11/Feb/2026:01:15:13 -0500] "GET /?m=149603936 HTTP/1.1" 200 25671 "-" "Mozilla/5.0 (compatible; Googlebot/2.1; +http://www.google.com/bot.html)"
66.249.79.233 - - [11/Feb/2026:01:19:53 -0500] "GET /?m=517875280 HTTP/1.1" 200 25955 "-" "Mozilla/5.0 (Linux; Android 6.0.1; Nexus 5X Build/MMB29P) AppleWebKit/537.36 (KHTML, like Gecko) Chrome/144.0.7559.132 Mobile Safari/537.36 (compatible; Googlebot/2.1; +http://www.google.com/bot.html)"
66.249.79.231 - - [11/Feb/2026:01:26:28 -0500] "GET /?m=639145920 HTTP/1.1" 200 25644 "-" "Mozilla/5.0 (Linux; Android 6.0.1; Nexus 5X Build/MMB29P) AppleWebKit/537.36 (KHTML, like Gecko) Chrome/144.0.7559.132 Mobile Safari/537.36 (compatible; Googlebot/2.1; +http://www.google.com/bot.html)"
66.249.79.231 - - [11/Feb/2026:01:26:29 -0500] "GET /?m=4241408 HTTP/1.1" 200 26333 "-" "Mozilla/5.0 (Linux; Android 6.0.1; Nexus 5X Build/MMB29P) AppleWebKit/537.36 (KHTML, like Gecko) Chrome/144.0.7559.132 Mobile Safari/537.36 (compatible; Googlebot/2.1; +http://www.google.com/bot.html)"
66.249.79.233 - - [11/Feb/2026:01:27:24 -0500] "GET /?ctg/search/similarImageSearchResultView/?ctgItemCd=1962100 HTTP/1.1" 200 24752 "-" "Mozilla/5.0 (Linux; Android 6.0.1; Nexus 5X Build/MMB29P) AppleWebKit/537.36 (KHTML, like Gecko) Chrome/144.0.7559.132 Mobile Safari/537.36 (compatible; Googlebot/2.1; +http://www.google.com/bot.html)"
66.249.79.231 - - [11/Feb/2026:01:35:46 -0500] "GET /?m=509206752 HTTP/1.1" 200 25621 "-" "Mozilla/5.0 (Linux; Android 6.0.1; Nexus 5X Build/MMB29P) AppleWebKit/537.36 (KHTML, like Gecko) Chrome/144.0.7559.132 Mobile Safari/537.36 (compatible; Googlebot/2.1; +http://www.google.com/bot.html)"
66.249.79.233 - - [11/Feb/2026:01:38:40 -0500] "GET /f/special/mask/ HTTP/1.1" 200 25620 "-" "Mozilla/5.0 (Linux; Android 6.0.1; Nexus 5X Build/MMB29P) AppleWebKit/537.36 (KHTML, like Gecko) Chrome/144.0.7559.132 Mobile Safari/537.36 (compatible; Googlebot/2.1; +http://www.google.com/bot.html)"
66.249.79.231 - - [11/Feb/2026:01:39:20 -0500] "GET /?m=82260272 HTTP/1.1" 200 24806 "-" "Mozilla/5.0 (Linux; Android 6.0.1; Nexus 5X Build/MMB29P) AppleWebKit/537.36 (KHTML, like Gecko) Chrome/144.0.7559.132 Mobile Safari/537.36 (compatible; Googlebot/2.1; +http://www.google.com/bot.html)"
66.249.79.233 - - [11/Feb/2026:01:40:51 -0500] "GET /?m=816594704 HTTP/1.1" 200 26232 "-" "Mozilla/5.0 (Linux; Android 6.0.1; Nexus 5X Build/MMB29P) AppleWebKit/537.36 (KHTML, like Gecko) Chrome/144.0.7559.132 Mobile Safari/537.36 (compatible; Googlebot/2.1; +http://www.google.com/bot.html)"
66.249.79.231 - - [11/Feb/2026:01:42:20 -0500] "GET /?m=208114048 HTTP/1.1" 200 25461 "-" "Mozilla/5.0 (Linux; Android 6.0.1; Nexus 5X Build/MMB29P) AppleWebKit/537.36 (KHTML, like Gecko) Chrome/144.0.7559.132 Mobile Safari/537.36 (compatible; Googlebot/2.1; +http://www.google.com/bot.html)"
66.249.79.231 - - [11/Feb/2026:01:49:43 -0500] "GET /?m=855867008 HTTP/1.1" 200 26027 "-" "Mozilla/5.0 (Linux; Android 6.0.1; Nexus 5X Build/MMB29P) AppleWebKit/537.36 (KHTML, like Gecko) Chrome/144.0.7559.132 Mobile Safari/537.36 (compatible; Googlebot/2.1; +http://www.google.com/bot.html)"
66.249.79.231 - - [11/Feb/2026:01:49:56 -0500] "GET /?m=524742704 HTTP/1.1" 200 25756 "-" "Mozilla/5.0 (Linux; Android 6.0.1; Nexus 5X Build/MMB29P) AppleWebKit/537.36 (KHTML, like Gecko) Chrome/144.0.7559.132 Mobile Safari/537.36 (compatible; Googlebot/2.1; +http://www.google.com/bot.html)"
66.249.79.233 - - [11/Feb/2026:01:50:02 -0500] "GET /?m=42631744 HTTP/1.1" 200 25601 "-" "Mozilla/5.0 (Linux; Android 6.0.1; Nexus 5X Build/MMB29P) AppleWebKit/537.36 (KHTML, like Gecko) Chrome/144.0.7559.132 Mobile Safari/537.36 (compatible; Googlebot/2.1; +http://www.google.com/bot.html)"
66.249.79.232 - - [11/Feb/2026:02:03:12 -0500] "GET /?m=484143104 HTTP/1.1" 200 24370 "-" "Mozilla/5.0 (compatible; Googlebot/2.1; +http://www.google.com/bot.html)"
66.249.79.231 - - [11/Feb/2026:02:06:26 -0500] "GET /ctg/search/similarImageSearchResultView/?ctgItemCd=485135 HTTP/1.1" 200 26033 "-" "Mozilla/5.0 (Linux; Android 6.0.1; Nexus 5X Build/MMB29P) AppleWebKit/537.36 (KHTML, like Gecko) Chrome/144.0.7559.132 Mobile Safari/537.36 (compatible; Googlebot/2.1; +http://www.google.com/bot.html)"
43.167.241.46 - - [11/Feb/2026:02:07:01 -0500] "GET / HTTP/1.1" 200 0 "http://members.keyclubequity.com" "Mozilla/5.0 (iPhone; CPU iPhone OS 13_2_3 like Mac OS X) AppleWebKit/605.1.15 (KHTML, like Gecko) Version/13.0.3 Mobile/15E148 Safari/604.1"
66.249.79.233 - - [11/Feb/2026:02:12:49 -0500] "GET /?m=845829264 HTTP/1.1" 200 26479 "-" "Mozilla/5.0 (Linux; Android 6.0.1; Nexus 5X Build/MMB29P) AppleWebKit/537.36 (KHTML, like Gecko) Chrome/144.0.7559.132 Mobile Safari/537.36 (compatible; Googlebot/2.1; +http://www.google.com/bot.html)"
66.249.79.232 - - [11/Feb/2026:02:12:59 -0500] "GET /?m=343545872 HTTP/1.1" 200 25806 "-" "Mozilla/5.0 (compatible; Googlebot/2.1; +http://www.google.com/bot.html)"
66.249.79.233 - - [11/Feb/2026:02:20:10 -0500] "GET /??m=837720096 HTTP/1.1" 200 26269 "-" "Mozilla/5.0 (Linux; Android 6.0.1; Nexus 5X Build/MMB29P) AppleWebKit/537.36 (KHTML, like Gecko) Chrome/144.0.7559.132 Mobile Safari/537.36 (compatible; Googlebot/2.1; +http://www.google.com/bot.html)"
66.249.79.232 - - [11/Feb/2026:02:20:38 -0500] "GET /?m=696033168 HTTP/1.1" 200 25473 "-" "Mozilla/5.0 (Linux; Android 6.0.1; Nexus 5X Build/MMB29P) AppleWebKit/537.36 (KHTML, like Gecko) Chrome/144.0.7559.132 Mobile Safari/537.36 (compatible; Googlebot/2.1; +http://www.google.com/bot.html)"
66.249.79.233 - - [11/Feb/2026:02:28:49 -0500] "GET /?m=308482176 HTTP/1.1" 200 25826 "-" "Mozilla/5.0 (Linux; Android 6.0.1; Nexus 5X Build/MMB29P) AppleWebKit/537.36 (KHTML, like Gecko) Chrome/144.0.7559.132 Mobile Safari/537.36 (compatible; Googlebot/2.1; +http://www.google.com/bot.html)"
66.249.79.233 - - [11/Feb/2026:02:29:14 -0500] "GET /?m=672347744 HTTP/1.1" 200 25974 "-" "Mozilla/5.0 (compatible; Googlebot/2.1; +http://www.google.com/bot.html)"
66.249.79.231 - - [11/Feb/2026:02:29:23 -0500] "GET /?m=846348128 HTTP/1.1" 200 25076 "-" "Mozilla/5.0 (compatible; Googlebot/2.1; +http://www.google.com/bot.html)"
66.249.79.232 - - [11/Feb/2026:02:30:35 -0500] "GET /?m=800721376 HTTP/1.1" 200 25851 "-" "Mozilla/5.0 (Linux; Android 6.0.1; Nexus 5X Build/MMB29P) AppleWebKit/537.36 (KHTML, like Gecko) Chrome/144.0.7559.132 Mobile Safari/537.36 (compatible; Googlebot/2.1; +http://www.google.com/bot.html)"
66.249.79.232 - - [11/Feb/2026:02:33:08 -0500] "GET /?m=457772896 HTTP/1.1" 200 25866 "-" "Mozilla/5.0 (Linux; Android 6.0.1; Nexus 5X Build/MMB29P) AppleWebKit/537.36 (KHTML, like Gecko) Chrome/144.0.7559.132 Mobile Safari/537.36 (compatible; Googlebot/2.1; +http://www.google.com/bot.html)"
66.249.79.231 - - [11/Feb/2026:02:33:15 -0500] "GET /?m=767935616 HTTP/1.1" 200 25308 "-" "Mozilla/5.0 (Linux; Android 6.0.1; Nexus 5X Build/MMB29P) AppleWebKit/537.36 (KHTML, like Gecko) Chrome/144.0.7559.132 Mobile Safari/537.36 (compatible; Googlebot/2.1; +http://www.google.com/bot.html)"
66.249.79.231 - - [11/Feb/2026:02:33:46 -0500] "GET /?m=762183728 HTTP/1.1" 200 26027 "-" "Mozilla/5.0 (compatible; Googlebot/2.1; +http://www.google.com/bot.html)"
66.249.79.231 - - [11/Feb/2026:02:38:59 -0500] "GET /?m=724245744 HTTP/1.1" 200 25531 "-" "Mozilla/5.0 (compatible; Googlebot/2.1; +http://www.google.com/bot.html)"
66.249.79.231 - - [11/Feb/2026:02:39:16 -0500] "GET /?m=233516960 HTTP/1.1" 200 25777 "-" "Mozilla/5.0 (Linux; Android 6.0.1; Nexus 5X Build/MMB29P) AppleWebKit/537.36 (KHTML, like Gecko) Chrome/144.0.7559.132 Mobile Safari/537.36 (compatible; Googlebot/2.1; +http://www.google.com/bot.html)"
66.249.79.233 - - [11/Feb/2026:02:52:00 -0500] "GET /?m=319478768 HTTP/1.1" 200 25116 "-" "Mozilla/5.0 (Linux; Android 6.0.1; Nexus 5X Build/MMB29P) AppleWebKit/537.36 (KHTML, like Gecko) Chrome/144.0.7559.132 Mobile Safari/537.36 (compatible; Googlebot/2.1; +http://www.google.com/bot.html)"
66.249.79.231 - - [11/Feb/2026:02:53:27 -0500] "GET /?m=376763008 HTTP/1.1" 200 26055 "-" "Mozilla/5.0 (Linux; Android 6.0.1; Nexus 5X Build/MMB29P) AppleWebKit/537.36 (KHTML, like Gecko) Chrome/144.0.7559.132 Mobile Safari/537.36 (compatible; Googlebot/2.1; +http://www.google.com/bot.html)"
